)/3)/(40/(-60)). Let r(u) = -80*u - s - 5 + 81*u. Calculate r(6).
-3
Suppose 3*i + 18 = m - 0*i, 5*i = 3*m - 34. Let g(q) = 5*q**3 - 13*q**2 - 6*q - q**3 + 7*q**2 - 5*q**m. Determine g(-5).
5
Let a(y) = -12*y**3 - 4*y**2 + 4*y + 2. Let o(w) = -26*w**3 - 7*w**2 + 7*w + 3. Let l(q) = -5*a(q) + 3*o(q). Determine l(1).
-19
Suppose 185 - 995 = -9*w. Let r(m) = -1 + 90*m + m**2 - w*m. Calculate r(0).
-1
Let g(u) = -u**2 + 8*u - 4. Let z(h) = 1 + 6*h - 7 - 4*h. Let w be z(-6). Let v = w - -24. Give g(v).
8
Let n(f) = 14*f**3 - 33*f**2 - 50*f + 37. Let w(y) = -5*y**3 + 11*y**2 + 17*y - 13. Let a(t) = -4*n(t) - 11*w(t). Determine a(12).
7
Let n = -7 - -4. Let m(g) = -3*g - 13. Let h(o) = 10*o + 35. Let l(q) = -4*h(q) - 11*m(q). Calculate l(n).
24
Let v(q) = -3*q**3 + 2*q**2 - 4*q + 2. Let i be 96/816 - (-30)/34. Give v(i).
-3
Let x(b) = -b**3 - b**2 + 3*b - 2. Let w be x(1). Let a(q) = 3*q + 4*q + 4*q. Determine a(w).
-11
Let a(o) = -o**2 + 8*o + 4. Let h be ((-12)/5)/(34/(-85)). Give a(h).
16
Let w(l) = -19*l**2 + l**3 - 236 - 235 + 700 - 227 - 20*l. Calculate w(20).
2
Let f(d) = d**2 - 7*d + 9. Let h(k) = 6*k**3 + k**2 - 2*k + 2. Suppose 0 = -4*n + 1 + 3. Let r be h(n). Determine f(r).
9
Let g(d) be the second derivative of d**5/20 + 5*d**4/12 - 7*d**3/6 + 7*d**2/2 + 206*d. What is g(-7)?
-42
Let i be 3/(-6)*12/18*-15. Let d(z) be the third derivative of 7/24*z**4 - 2/15*z**i + 0 + 1/2*z**3 + z**2 + 0*z + 1/120*z**6. What is d(7)?
3
Let m(v) be the first derivative of -4/3*v**3 + 5*v + 11 + v**2 + 1/4*v**4. Determine m(4).
13
Let h be (5/(-5))/(3/3). Let o(k) = 2516*k - 1254*k - 1256*k + 1. Give o(h).
-5
Let d(x) = -x**2 + 1. Let z(w) be the second derivative of w**4/2 - 7*w**3/6 - w**2 + 20*w. Let v(p) = 5*d(p) + z(p). Determine v(8).
11
Let q = 29 + -49. Let x be 1/4 + 5/q. Let c(j) = j**3 + j. Give c(x).
0
Let t = -39 - -27. Let q(h) be the third derivative of -h**4/24 - 7*h**3/3 + 84*h**2. Determine q(t).
-2
Suppose 20*u - 219 = -59. Let w(q) = 2*q + 6. Give w(u).
22
Let j(q) be the first derivative of -q**2/2 - 15*q - 901. What is j(-3)?
-12
Let x be (7 - 8) + 1*-1. Let g be 14*1*(-1 - -2). Let b be (6/x)/(21/g). Let s(o) = o**2 + 4*o. Give s(b).
-4
Let d = 3637 - 3639. Let i(a) be the third derivative of -a**5/60 - a**4/8 - a**3/2 - a**2. Determine i(d).
-1
Let k(u) = u**3 - 13*u**2 + u - 16. Let n(w) = w + 46. Let y be n(-33). Calculate k(y).
-3
Let y(l) = l**3 + l**2 - 8*l + 5. Let s(u) = u**3 - 7*u + 5. Let w(v) = 5*s(v) - 4*y(v). Calculate w(4).
-7
Let c(z) = 5*z - 52. Let d(n) = 3*n - 52. Let u(w) = 4*c(w) - 5*d(w). Calculate u(-9).
7
Suppose -2*f + 14 = -4. Let l(h) = -13 - f*h - h**2 + 3 + 3 + 3*h. What is l(-7)?
-14
Let b(k) = -3*k - 2. Let y(z) = -z**2 - 19*z + 3. Let v(g) = 7*b(g) - y(g). What is v(5)?
-2
Let y(i) be the third derivative of i**6/60 + i**3/6 + 3*i**2. Suppose m - 2 = -q, 2 = -2*q + 3*m + m. Determine y(q).
3
Let j(n) be the third derivative of -n**6/120 + n**5/10 + 3*n**4/8 - 3*n**3/2 + 10*n**2 - 2. Calculate j(7).
5
Let s(m) = -m**2 + 11*m - 20. Let o be s(8). Let p(y) = 2 - 3 + 0*y - 3*y + o*y. Calculate p(-4).
-5
Let u(x) = 3*x**3 + x + 1. Let m be (9/2 + -2)*2. Suppose -5*n + 0 = m. What is u(n)?
-3
Let n(u) = 2*u**3 + u + 1. Let x be n(-1). Let d(m) = -8*m. Let l(c) be the first derivative of c**2 + 3. Let k(r) = x*d(r) - 9*l(r). Give k(6).
-12
Let x(f) be the first derivative of -f**2 - 4 - f - 1/2*f**4 - f**3. Let u be 0 - -1 - (-1 - -4). Give x(u).
7
Let j(t) = -6*t + 36. Let w(s) = -19*s + 103. Let b(g) = -17*j(g) + 6*w(g). Give b(4).
-42
Let s(l) = -l**3 + 4*l**2 - 2*l - 1. Let q = -11 - -13. Let d be 40/4*5/q. Suppose -5*o - 3*k + 17 = -4*o, -5*k = -d. Determine s(o).
3
Let d(j) be the second derivative of -j**5/120 + j**4/24 + j**3/6 - 15*j. Let f(h) be the second derivative of d(h). Calculate f(7).
-6
Let b(g) = -g**3 + 3*g**2 - 3*g + 1. Let q = 73 - 64. Suppose -5*n - q = 4*k - 4, 4*n + 4*k + 8 = 0. Calculate b(n).
-8
Let c(f) = 9*f**2 - f + 11. Let s(u) = 26*u**2 - 3*u + 30. Let i(y) = -11*c(y) + 4*s(y). Determine i(-1).
5
Let x(z) = -4 - 2*z**2 - 4*z - 2*z**2 + 5*z**2 - 3. Calculate x(6).
5
Suppose -3*t - t - 4*l + 24 = 0, -3*t + l + 26 = 0. Let q(a) = -5*a - 2*a - 7*a - t*a. Give q(-1).
22
Let r(v) = -2*v + 12. Let y be r(7). Let c(p) = -4 - p + 3 - 2 + 1. Give c(y).
0
Let k(t) = t**3 + 4*t**2 + t + 4. Let l be (-31 - 1) + 7 + -4. Let i be 8/(-20)*(-1 + l). Suppose 3*r - i = 7*r. Determine k(r).
10
Let p(h) be the third derivative of -h**6/120 - h**5/20 + 3*h**4/8 - 7*h**3/6 + 111*h**2. Give p(-5).
-2
Let y(p) be the first derivative of -p**2/2 + 12*p - 363. What is y(-5)?
17
Suppose 18*k - 196 = 46*k. Let r(n) = -11*n - 71. Give r(k).
6
Let z(x) = x + 2*x**2 + x**2 + x**2 - 5*x**2. Let r(u) = -u**3 - 5*u**2 - 2*u - 4. Let h(m) = -r(m) + 2*z(m). Let s = -9 + 6. Calculate h(s).
-8
Let i be 10/(-25)*-5 - -1. Suppose 3*j - 5*v + 12 = -2*v, -j + i*v - 14 = 0. Let c(y) = -19*y. Determine c(j).
-19
Let q(j) = -j**2 - j - 3. Suppose 6*a = 49*a. Determine q(a).
-3
Suppose 0*x + 3*x = n + 1, 6 = 3*n. Suppose -9 + x = -2*q - 4*s, -5*q = 2*s - 52. Let u(j) = j**3 + 5*j - q*j + j + 5*j**2. What is u(-6)?
0
Let a be 32/56 + 45/7. Let q(w) = w - 11. Give q(a).
-4
Let r(x) = -9*x + 4. Suppose -71*b = -78*b. Give r(b).
4
Let l(z) = -4*z + 4 + z**2 + 0*z**2 - 5. Give l(3).
-4
Let y(t) be the third derivative of t**5/60 - t**4/4 - t**3 + 28*t**2 - 2*t. Suppose 0 = -5*k - 5, v + k - 4*k + 15 = 0. Let n = -11 - v. Give y(n).
1
Let h(j) = -2*j + 26. Let u be h(11). Let i(c) = -u - 6 + 3 - 5*c + 2*c. Suppose -t = -3*t + 4, -4*m = -5*t + 34. Determine i(m).
11
Let k(z) = 8 - 2*z**2 + 2 - 21 + z**3 - 1 + 13 - z. What is k(1)?
-1
Let t(z) be the third derivative of z**5/120 + 11*z**3/3 + 33*z**2. Let q(y) be the first derivative of t(y). Calculate q(-6).
-6
Let n(y) = 2*y - 6. Let d = 12 + -5. Let j be (d + -5)/((-4)/18). Let s be 9 - (j/3 + 7). What is n(s)?
4
Let p(z) = 85 - z - 30*z**2 - 75 - 11. Give p(-1).
-30
Suppose -3*r - 15 = 0, 5*c - 2*c + 38 = -4*r. Let x(u) = u**2 + 6*u + 10. Let w be x(-4). Let k(f) = -4*f**2 + 5*f**w + 5 + 8*f + 3. Determine k(c).
-4
Let f(t) be the first derivative of -t**2/2 + 8. Let o be f(4). Let w(m) = -2*m + 1. What is w(o)?
9
Suppose -44 = -3*f + 4. Suppose -f = -5*t - 6. Let s(u) = -u**2 + 2*u + 0*u**t + 1 + 3 + 3*u. Determine s(4).
8
Let a(n) = -2*n**2 + 9*n - 3. Let p = 29 + -24. Let l be a(p). Let t(y) be the third derivative of y**4/24 + 11*y**3/6 - 2*y**2. Determine t(l).
3
Let m(y) = -9*y + 1. Let o(d) = -33*d + 4. Let n(h) = -49*h + 6. Let z(b) = 5*n(b) - 8*o(b). Let g = -330 + 343. Let l(w) = g*m(w) + 6*z(w). Give l(1).
-2
Let y(i) = -i**3 - 24 - 10*i**2 + 15*i + 3*i**3 - 13*i - i**3. Give y(10).
-4
Let y(x) = 4*x - 10. Suppose 43*u - 85 = 26*u. Determine y(u).
10
Let f(d) = 2*d - 4. Let v be 1*((-8)/2)/(15/(-150)). Suppose 0 = 2*b + 3*b + 5*h - v, b - 8 = 5*h. Determine f(b).
12
Suppose 6*v + 340 = 11*v. Let z = v + -65. Let s(x) = 2*x**2 - x. Calculate s(z).
15
Let z be (4/6)/((-1)/6). Let s(m) be the third derivative of -12*m**2 + 0 - 1/3*m**3 - 1/6*m**4 + 0*m - 1/60*m**5. Determine s(z).
-2
Let d be ((-11)/(198/24))/(2/(-3)). Let k(n) = -6*n**2 + 4*n + 2*n**2 - 1 + 5*n**d - 2*n**2. Give k(7).
-22
Let h(p) = p. Let k(g) = -3*g + 4. Let t(q) = h(q) + k(q). Let m = -27 + 30. Calculate t(m).
-2
Let j(u) = -13*u - 109. Let t be j(-9). Let i(s) = -s**3 + 8*s**2 + 1. Determine i(t).
1
Let r(b) be the third derivative of -b**4/24 - b**3/6 + 2*b**2. Let s(m) = 4*m + 6. Let w(a) = 6*r(a) + s(a). Let l = -35 + 32. Calculate w(l).
6
Suppose -140*n = -156*n - 128. Let z(m) = m**3 + 9*m**2 + 9*m - 1. Calculate z(n).
-9
Let r(y) = -y - 2. Let m(p) = 3*p**2 - 13*p + 2. Let g be m(5). Suppose -4*i = -2*i + g. Give r(i).
4
Let s(n) be the first derivative of -n**2/2 + 6*n + 1. Let h = 79 - 79. Suppose 4*r - 20 = -h*r. Determine s(r).
1
Let l(i) be the second derivative of i**5/20 + i**4/4 - 5*i**3/6 - i**2 + 63*i + 4. Determine l(-4).
2
Let u(d) be the second derivative of 1/24*d**4 + 0 - 2*d - 1/6*d**3 + 1/60*d**5 - d**2 - 1/120*d**6. Let s(k) be the first derivative of u(k). Determine s(2).
-3
Suppose 134*f + 90 = 137*f. Let o be (15/f)/(-2 - 19/(-10)). Let u(g) = g**2 + 4*g - 6. Give u(